90. What is the greatest common divisor of 12 and z?
6
Let i(w) = -19*w + 833. Let r be i(35). What is the highest common factor of 189 and r?
21
Let i = -351 + 966. Suppose -5*j + 205 = c - 0*j, -3*c + i = 3*j. Calculate the highest common divisor of c and 164.
41
Let g = 0 - -8. Suppose 50 = 60*d - 70. Let k = d - -70. Calculate the highest common factor of k and g.
8
Suppose -468 = 8*q - 1372 - 488. What is the greatest common factor of 580 and q?
58
Let w be 1 + -2 + (-91)/(-13). Suppose -81*t + 80*t = -w. What is the greatest common divisor of 12 and t?
6
Let f be (-135)/(-6)*24/10. Let j = 51 - f. Let q be j - (-153 + 0 - (-1 + -2)). What is the highest common divisor of q and 21?
21
Suppose 0 = 7*w - 2*w - 10, -4*m + 5*w = -194. Let j(z) = -80 + 115 - 222 - 181*z - 231. Let n be j(-4). Calculate the greatest common factor of n and m.
51
Let r be (-10)/(-5) - -1*10. Let p be r/(-12) - -1*109. Let y = -8 - -20. Calculate the greatest common divisor of p and y.
12
Let x(t) = 207*t**2 + t. Let y be x(1). Let q = 59464 + -59412. What is the greatest common factor of q and y?
52
Let c be (-4816)/40*(-2 + (0 - 3)). Calculate the highest common factor of c and 168.
14
Suppose 2*r + 3*p - 447 = 0, 78*r - p = 74*r + 859. What is the greatest common factor of 76 and r?
4
Suppose l + 9358 = 5*t, -4*t - 5*l + 3341 + 4128 = 0. Suppose -471 = 20*h - t. Calculate the highest common divisor of 20 and h.
10
Suppose -264*t + 57*t = -9108. Let v = -8 + 12. Suppose 4*m - t = -v*i, -4*m + 47 = -2*m - 3*i. What is the greatest common factor of m and 32?
16
Let k = -10784 - -10940. Calculate the greatest common divisor of k and 1284.
12
Suppose y = 27 - 6. Let u be 7/((y/24)/7). Suppose 5*g + 3*s - 40 - 17 = 0, -4*g - 5*s + u = 0. What is the highest common factor of 9 and g?
9
Let n be 4 - (-6 - (-49)/7). Suppose 2*i + 55 = 5*j, 4*i = n*j - i - 14. What is the highest common divisor of 13 and j?
13
Let i = -24 - -22. Let z be 15/(-5) + 6 + i. Let d(u) = 8*u**3 - u**2 - u. Let s be d(z). Calculate the highest common divisor of s and 12.
6
Let m = 591 - 583. Let c be 3*(2 - 3) + 22. Let b = c + 5. What is the greatest common divisor of m and b?
8
Suppose -96*c - 174 = -942. What is the greatest common divisor of 2244 and c?
4
Suppose 3*o - 3 = -3*j, 2*o = 5*j - 1 + 3. Suppose -3*c - 4*w + 188 = 0, -5*c + 4*w + 67 + 257 = j. What is the greatest common factor of 4 and c?
4
Let g be 36*((-8)/24)/((-2)/15). Calculate the highest common factor of g and 55.
5
Let w(x) = 1761*x**2 - x + 1. Let l(p) = -p**2 + 24*p + 255. Let n be l(32). Let b be w(n). What is the highest common divisor of 41 and b?
41
Suppose -84*a + 59209 = 14689. What is the greatest common divisor of 20 and a?
10
Suppose -2*n - 12 - 12 = 0, -2 = -j - 5*n - 24. Let u = 1551 + -1000. Calculate the highest common factor of u and j.
19
Let s(a) be the third derivative of -5*a**4/24 - 13*a**3/6 - 9*a**2 - 16. Let l be s(-5). What is the greatest common divisor of 312 and l?
12
Let z(x) be the second derivative of 19*x - 1/20*x**5 + 0 + 1/3*x**3 + 11/6*x**4 - 8*x**2. Let j be z(22). Calculate the highest common divisor of 42 and j.
14
Let h = -3949 - -4139. Calculate the highest common factor of 304 and h.
38
Let y be (-13)/(13/294)*30/(-12). Calculate the highest common factor of y and 1680.
105
Let x = 0 - -16. Let s = -10 + x. Let g(k) = 639*k - 4458. Let u be g(7). Calculate the highest common divisor of u and s.
3
Suppose 2*y = -5 - 23. Let h(l) = l + 42. Let s be h(y). Calculate the greatest common divisor of s and 28.
28
Let g = -1 + 10. Suppose -4*l - 2*k = 76, 73 = 9*l - 14*l + 3*k. Let q(u) = -5*u - 76. Let f be q(l). Calculate the highest common divisor of g and f.
9
Suppose -207*n = 202*n - 406*n - 1113. Calculate the highest common factor of n and 583.
53
Suppose w - 27 - 8 = 0. Suppose -31*g = -1588 + 410. Suppose w = 5*u - 5*o, 0*o - g = -4*u + 2*o. Calculate the greatest common divisor of u and 60.
12
Let k = 29144 - 28897. Calculate the greatest common factor of k and 2128.
19
Suppose -4*v + 349 = -z - 252, 15 = 5*z. Suppose 13*j - v = 83. What is the highest common factor of 6 and j?
6
Let b be (-2 + (-471)/(-6))/(27/(-2) + 14). What is the highest common factor of b and 7701?
51
Suppose 9816 = 43*x - 41172 - 27530. Calculate the highest common divisor of 55 and x.
11
Let h = 330 - -41. Let q be ((-215)/(-4) - 6/8)/1. What is the highest common factor of q and h?
53
Suppose 4*x - 2*f = 32, 0 = -44*x + 41*x - 2*f + 45. Calculate the greatest common factor of x and 7986.
11
Suppose -26 = -3*n + 16 + 3. Calculate the highest common factor of 48 and n.
3
Let m(s) = s**3 - 24*s**2 + 85*s + 28. Let i be m(20). Let u be ((-6)/(-5))/(i/98880). Calculate the greatest common divisor of u and 9.
9
Let l(k) = -k**3 + k**2 + 2*k - 8. Let p be l(0). Let b be (-4)/p*(-948)/(-6). Let g = b + -65. Calculate the greatest common factor of 49 and g.
7
Let u = 202 - 198. Let w be 56/(-42)*(-27)/u. Calculate the highest common divisor of w and 45.
9
Let m = 28 - 10. Suppose 2*g - 2*i - 3*i = 1394, 2*g + 3*i = 1362. Suppose -g = -4*y + 105. What is the highest common factor of y and m?
18
Let s = -568 + 315. Let f = -251 - s. Suppose 3*r - 39 = 3*x, 0*x = 3*x + 9. What is the highest common factor of r and f?
2
Suppose 4*n - 68 = -36. Let d be n - 1 - 2204/(-38). Calculate the greatest common divisor of d and 5.
5
Suppose -133*t + 109*t - 17160 = 0. Let c = t - -735. Calculate the greatest common factor of c and 320.
20
Let m be (4 - 3)*(2 - (-5 - 4)). Let c be m/(165/10) - 19/(-3). Calculate the highest common factor of c and 5.
1
Let c be ((-252)/(-10))/(13/((-455)/(-2))). What is the highest common divisor of 315 and c?
63
Suppose -5*j - 5*i + 35 = 0, -2*i - 2 = -4*j + 14. Suppose j*m = 25, -n - 2*m - 23 = -47. Calculate the highest common divisor of n and 56.
14
Let n be 2 + (-7)/(14/8). Let f be (76/(-6))/(n/21). Let v(c) = 3*c**2 - 68*c - 4. Let j be v(23). Calculate the greatest common factor of j and f.
19
Let g(o) = 155*o - 55. Let r be g(3). Suppose 5*n - 44 = 6. What is the highest common divisor of r and n?
10
Suppose n + 1470 = 15*n. Suppose -13*l = -16*l + n. What is the greatest common factor of 20 and l?
5
Let p = -9515 + 9595. Calculate the highest common divisor of 820 and p.
20
Suppose -4*f + 15 = -j + 23, -4*j + 19 = -3*f. Suppose -j*l - 23 = -i, -2*l + 3*l + 47 = 4*i. Calculate the highest common factor of 66 and i.
11
Let h(g) = -3*g**3 + g**2 - 5*g + 6. Let v be h(4). Let f = -174 - v. Calculate the greatest common divisor of 56 and f.
8
Suppose 0 = 5*q + a - 279 - 450, q = 11*a + 213. What is the greatest common divisor of 6909 and q?
147
Suppose 73 = 13*w + 190. Let i = 84 + w. Calculate the greatest common divisor of i and 45.
15
Let s = -7439 + 7571. What is the highest common factor of s and 66?
66
Suppose 150*z - 184*z = -442. What is the greatest common factor of z and 3003?
13
Let l be -13 + -4 + 8 + 4981. What is the greatest common divisor of 11 and l?
11
Let g(q) = -q**3 + 58*q**2 + 185*q - 65. Let k be g(61). Suppose 19*a - 22*a = -18. What is the highest common divisor of k and a?
3
Let r(b) = -13*b - 49. Let z be r(-2). Let n = z + 93. Suppose -k - 20 = -v, 2*v - 3*v + 20 = 3*k. What is the greatest common factor of v and n?
10
Let w = 7643 - 7625. Suppose -5*u + 158 = 8. What is the highest common factor of w and u?
6
Let z be 76/(-3)*(-21)/2. Suppose -216*c = 82*c - 50*c - 3472. What is the highest common factor of z and c?
14
Let t(a) = -112*a - 182. Let x be t(-2). Suppose -o = -2*f + 215, 3*f + o = -f + 415. What is the greatest common factor of x and f?
21
Let n(r) = 3 - 8 + 3 + 4*r - 2. Let q be n(3). Suppose 20*m - 109 = 51. What is the highest common divisor of m and q?
8
Suppose -89*k + 186409 = 7964. Calculate the highest common factor of k and 5.
5
Let u = -5115 + 5130. What is the greatest common factor of 7815 and u?
15
Let k be (2 - 132/(-30))/(1/5). Suppose 535 = k*j - 521. Suppose 10 = 2*l, 5*u - 3*l = -5*l + 65. What is the greatest common divisor of u and j?
11
Let l be ((-7)/(-77))/((-10)/(-22)) - 76758/(-10). Calculate the highest common divisor of l and 76.
76
Let v = -25 - -29. Suppose -443 = -4*u + 3*r, 445 = v*u + 4*r - 9*r. Calculate the grea